CRAN Package Check Results for Package ztpln

Last updated on 2024-06-18 00:57:42 CEST.

Flavor Version Tinstall Tcheck Ttotal Status Flags
r-devel-linux-x86_64-debian-clang 0.1.2 69.66 109.55 179.21 NOTE
r-devel-linux-x86_64-debian-gcc 0.1.2 44.78 98.79 143.57 NOTE
r-devel-linux-x86_64-fedora-clang 0.1.2 206.66 NOTE
r-devel-linux-x86_64-fedora-gcc 0.1.2 216.97 NOTE
r-devel-windows-x86_64 0.1.2 48.00 125.00 173.00 NOTE
r-patched-linux-x86_64 0.1.2 50.54 108.32 158.86 NOTE
r-release-linux-x86_64 0.1.2 40.55 109.27 149.82 NOTE
r-release-macos-arm64 0.1.2 90.00 NOTE
r-release-macos-x86_64 0.1.2 131.00 NOTE
r-release-windows-x86_64 0.1.2 46.00 140.00 186.00 NOTE
r-oldrel-macos-arm64 0.1.2 82.00 NOTE
r-oldrel-macos-x86_64 0.1.2 133.00 NOTE
r-oldrel-windows-x86_64 0.1.2 60.00 168.00 228.00 NOTE

Check Details

Version: 0.1.2
Check: C++ specification
Result: NOTE Specified C++11: please drop specification unless essential Flavors: r-devel-linux-x86_64-debian-clang, r-devel-linux-x86_64-debian-gcc, r-devel-linux-x86_64-fedora-clang, r-devel-linux-x86_64-fedora-gcc, r-devel-windows-x86_64, r-patched-linux-x86_64, r-release-linux-x86_64, r-release-macos-arm64, r-release-macos-x86_64, r-release-windows-x86_64, r-oldrel-macos-arm64, r-oldrel-macos-x86_64, r-oldrel-windows-x86_64

Version: 0.1.2
Check: installed package size
Result: NOTE installed size is 8.0Mb sub-directories of 1Mb or more: libs 7.7Mb Flavors: r-release-macos-arm64, r-release-macos-x86_64, r-oldrel-macos-arm64, r-oldrel-macos-x86_64