CRAN Package Check Results for Package zonator

Last updated on 2021-09-23 23:50:25 CEST.

Flavor Version Tinstall Tcheck Ttotal Status Flags
r-devel-linux-x86_64-debian-clang 0.6.0 19.15 107.81 126.96 NOTE
r-devel-linux-x86_64-debian-gcc 0.6.0 13.45 89.04 102.49 NOTE
r-devel-linux-x86_64-fedora-clang 0.6.0 162.09 NOTE
r-devel-linux-x86_64-fedora-gcc 0.6.0 158.11 NOTE
r-devel-windows-x86_64 0.6.0 20.00 118.00 138.00 NOTE
r-devel-windows-x86_64-gcc10-UCRT 0.6.0 NOTE
r-patched-linux-x86_64 0.6.0 21.44 101.61 123.05 NOTE
r-patched-solaris-x86 0.6.0 237.00 NOTE
r-release-linux-x86_64 0.6.0 16.29 101.67 117.96 NOTE
r-release-macos-arm64 0.6.0 NOTE
r-release-macos-x86_64 0.6.0 NOTE
r-release-windows-ix86+x86_64 0.6.0 35.00 112.00 147.00 NOTE
r-oldrel-macos-x86_64 0.6.0 NOTE
r-oldrel-windows-ix86+x86_64 0.6.0 26.00 111.00 137.00 NOTE

Check Details

Version: 0.6.0
Check: package dependencies
Result: NOTE
    Package suggested but not available for checking: 'zdat'
Flavors: r-devel-linux-x86_64-debian-clang, r-devel-linux-x86_64-debian-gcc, r-devel-linux-x86_64-fedora-clang, r-devel-linux-x86_64-fedora-gcc, r-devel-windows-x86_64, r-devel-windows-x86_64-gcc10-UCRT, r-patched-linux-x86_64, r-patched-solaris-x86, r-release-linux-x86_64, r-release-macos-arm64, r-release-macos-x86_64, r-release-windows-ix86+x86_64, r-oldrel-macos-x86_64, r-oldrel-windows-ix86+x86_64