CRAN Package Check Results for Package zoltr

Last updated on 2022-09-25 23:56:29 CEST.

Flavor Version Tinstall Tcheck Ttotal Status Flags
r-devel-linux-x86_64-debian-clang 0.5.1 6.14 58.00 64.14 NOTE
r-devel-linux-x86_64-debian-gcc 0.5.1 5.66 44.87 50.53 NOTE
r-devel-linux-x86_64-fedora-clang 0.5.1 90.81 NOTE
r-devel-linux-x86_64-fedora-gcc 0.5.1 105.50 NOTE
r-devel-windows-x86_64 0.5.1 24.00 99.00 123.00 NOTE
r-patched-linux-x86_64 0.5.1 5.96 55.31 61.27 NOTE
r-release-linux-x86_64 0.5.1 5.35 54.29 59.64 NOTE
r-release-macos-arm64 0.5.1 41.00 NOTE
r-release-macos-x86_64 0.5.1 56.00 NOTE
r-release-windows-x86_64 0.5.1 30.00 92.00 122.00 NOTE
r-oldrel-macos-arm64 0.5.1 40.00 NOTE
r-oldrel-macos-x86_64 0.5.1 73.00 NOTE
r-oldrel-windows-ix86+x86_64 0.5.1 15.00 84.00 99.00 NOTE

Check Details

Version: 0.5.1
Check: LazyData
Result: NOTE
     'LazyData' is specified without a 'data' directory
Flavors: r-devel-linux-x86_64-debian-clang, r-devel-linux-x86_64-debian-gcc, r-devel-linux-x86_64-fedora-clang, r-devel-linux-x86_64-fedora-gcc, r-devel-windows-x86_64, r-patched-linux-x86_64, r-release-linux-x86_64, r-release-macos-arm64, r-release-macos-x86_64, r-release-windows-x86_64, r-oldrel-macos-arm64, r-oldrel-macos-x86_64, r-oldrel-windows-ix86+x86_64