Last updated on 2022-05-16 23:55:47 CEST.
Flavor | Version | Tinstall | Tcheck | Ttotal | Status | Flags |
---|---|---|---|---|---|---|
r-devel-linux-x86_64-debian-clang | 0.6-70 | 8.46 | 118.69 | 127.15 | OK | |
r-devel-linux-x86_64-debian-gcc | 0.6-70 | 7.67 | 88.36 | 96.03 | OK | |
r-devel-linux-x86_64-fedora-clang | 0.6-70 | 154.72 | NOTE | |||
r-devel-linux-x86_64-fedora-gcc | 0.6-70 | 152.01 | NOTE | |||
r-devel-windows-x86_64 | 0.6-70 | 53.00 | 138.00 | 191.00 | OK | |
r-patched-linux-x86_64 | 0.6-70 | 10.39 | 107.19 | 117.58 | OK | |
r-release-linux-x86_64 | 0.6-70 | 9.09 | 105.68 | 114.77 | OK | |
r-release-macos-arm64 | 0.6-70 | 45.00 | NOTE | |||
r-release-macos-x86_64 | 0.6-70 | 64.00 | NOTE | |||
r-release-windows-x86_64 | 0.6-70 | 22.00 | 135.00 | 157.00 | OK | |
r-oldrel-macos-arm64 | 0.6-70 | 53.00 | NOTE | |||
r-oldrel-macos-x86_64 | 0.6-70 | 101.00 | NOTE | |||
r-oldrel-windows-ix86+x86_64 | 0.6-70 | 17.00 | 107.00 | 124.00 | OK |
Version: 0.6-70
Check: data for non-ASCII characters
Result: NOTE
Note: found 146804 marked UTF-8 strings
Flavors: r-devel-linux-x86_64-fedora-clang, r-devel-linux-x86_64-fedora-gcc, r-release-macos-arm64, r-release-macos-x86_64, r-oldrel-macos-arm64, r-oldrel-macos-x86_64