CRAN Package Check Results for Package zerotradeflow

Last updated on 2024-06-18 00:57:42 CEST.

Flavor Version Tinstall Tcheck Ttotal Status Flags
r-devel-linux-x86_64-debian-clang 0.1.0 14.50 44.90 59.40 OK
r-devel-linux-x86_64-debian-gcc 0.1.0 12.84 34.27 47.11 OK
r-devel-linux-x86_64-fedora-clang 0.1.0 75.32 NOTE
r-devel-linux-x86_64-fedora-gcc 0.1.0 72.59 NOTE
r-devel-windows-x86_64 0.1.0 16.00 54.00 70.00 OK
r-patched-linux-x86_64 0.1.0 10.25 42.69 52.94 OK
r-release-linux-x86_64 0.1.0 12.64 41.80 54.44 OK
r-release-macos-arm64 0.1.0 33.00 OK
r-release-macos-x86_64 0.1.0 40.00 OK
r-release-windows-x86_64 0.1.0 14.00 56.00 70.00 OK
r-oldrel-macos-arm64 0.1.0 31.00 OK
r-oldrel-macos-x86_64 0.1.0 48.00 OK
r-oldrel-windows-x86_64 0.1.0 21.00 58.00 79.00 OK

Check Details

Version: 0.1.0
Check: dependencies in R code
Result: NOTE Namespace in Imports field not imported from: ‘tidyverse’ All declared Imports should be used. Flavors: r-devel-linux-x86_64-fedora-clang, r-devel-linux-x86_64-fedora-gcc