CRAN Package Check Results for Package yap

Last updated on 2021-12-01 23:51:55 CET.

Flavor Version Tinstall Tcheck Ttotal Status Flags
r-devel-linux-x86_64-debian-clang 0.1.1 2.50 33.01 35.51 NOTE
r-devel-linux-x86_64-debian-gcc 0.1.1 2.30 26.29 28.59 NOTE
r-devel-linux-x86_64-fedora-clang 0.1.1 57.34 NOTE
r-devel-linux-x86_64-fedora-gcc 0.1.1 43.56 NOTE
r-devel-windows-x86_64-new-UL 0.1.1 8.00 71.00 79.00 NOTE
r-devel-windows-x86_64-new-TK 0.1.1 NOTE
r-devel-windows-x86_64-old 0.1.1 6.00 44.00 50.00 NOTE
r-patched-linux-x86_64 0.1.1 3.04 31.35 34.39 NOTE
r-patched-solaris-x86 0.1.1 72.50 NOTE
r-release-linux-x86_64 0.1.1 2.48 32.36 34.84 NOTE
r-release-macos-arm64 0.1.1 NOTE
r-release-macos-x86_64 0.1.1 NOTE
r-release-windows-ix86+x86_64 0.1.1 7.00 56.00 63.00 NOTE
r-oldrel-macos-x86_64 0.1.1 OK
r-oldrel-windows-ix86+x86_64 0.1.1 8.00 59.00 67.00 OK

Check Details

Version: 0.1.1
Check: LazyData
Result: NOTE
     'LazyData' is specified without a 'data' directory
Flavors: r-devel-linux-x86_64-debian-clang, r-devel-linux-x86_64-debian-gcc, r-devel-linux-x86_64-fedora-clang, r-devel-linux-x86_64-fedora-gcc, r-devel-windows-x86_64-new-UL, r-devel-windows-x86_64-new-TK, r-devel-windows-x86_64-old, r-patched-linux-x86_64, r-patched-solaris-x86, r-release-linux-x86_64, r-release-macos-arm64, r-release-macos-x86_64, r-release-windows-ix86+x86_64