CRAN Package Check Results for Package xrnet

Last updated on 2021-10-18 23:49:51 CEST.

Flavor Version Tinstall Tcheck Ttotal Status Flags
r-devel-linux-x86_64-debian-clang 0.1.7 104.87 55.51 160.38 OK
r-devel-linux-x86_64-debian-gcc 0.1.7 90.73 47.47 138.20 OK
r-devel-linux-x86_64-fedora-clang 0.1.7 259.81 NOTE
r-devel-linux-x86_64-fedora-gcc 0.1.7 241.52 OK
r-devel-windows-x86_64 0.1.7 125.00 83.00 208.00 OK
r-devel-windows-x86_64-gcc10-UCRT 0.1.7 OK
r-patched-linux-x86_64 0.1.7 100.47 58.55 159.02 OK
r-patched-solaris-x86 0.1.7 222.00 OK
r-release-linux-x86_64 0.1.7 102.52 58.04 160.56 OK
r-release-macos-arm64 0.1.7 NOTE
r-release-macos-x86_64 0.1.7 NOTE
r-release-windows-ix86+x86_64 0.1.7 179.00 147.00 326.00 OK
r-oldrel-macos-x86_64 0.1.7 NOTE
r-oldrel-windows-ix86+x86_64 0.1.7 247.00 155.00 402.00 OK

Check Details

Version: 0.1.7
Check: installed package size
Result: NOTE
     installed size is 23.9Mb
     sub-directories of 1Mb or more:
     libs 23.5Mb
Flavors: r-devel-linux-x86_64-fedora-clang, r-release-macos-arm64, r-release-macos-x86_64, r-oldrel-macos-x86_64