CRAN Package Check Results for Package xpose4

Last updated on 2021-10-15 23:50:48 CEST.

Flavor Version Tinstall Tcheck Ttotal Status Flags
r-devel-linux-x86_64-debian-clang 4.7.1 23.29 179.53 202.82 OK
r-devel-linux-x86_64-debian-gcc 4.7.1 21.26 133.67 154.93 OK
r-devel-linux-x86_64-fedora-clang 4.7.1 257.75 OK
r-devel-linux-x86_64-fedora-gcc 4.7.1 245.53 OK
r-devel-windows-x86_64 4.7.1 45.00 175.00 220.00 ERROR
r-devel-windows-x86_64-gcc10-UCRT 4.7.1 ERROR
r-patched-linux-x86_64 4.7.1 30.86 172.76 203.62 OK
r-patched-solaris-x86 4.7.1 284.90 OK
r-release-linux-x86_64 4.7.1 25.71 171.09 196.80 OK
r-release-macos-arm64 4.7.1 OK
r-release-macos-x86_64 4.7.1 OK
r-release-windows-ix86+x86_64 4.7.1 46.00 220.00 266.00 ERROR
r-oldrel-macos-x86_64 4.7.1 OK
r-oldrel-windows-ix86+x86_64 4.7.1 44.00 222.00 266.00 ERROR

Check Details

Version: 4.7.1
Check: examples
Result: ERROR
    Running examples in 'xpose4-Ex.R' failed
    The error most likely occurred in:
    
    > ### Name: simprazExample
    > ### Title: Function to create files for the simulated prazosin example in
    > ### Xpose
    > ### Aliases: simprazExample
    > ### Keywords: methods
    >
    > ### ** Examples
    >
    >
    > od = setwd(tempdir()) # move to a temp directory
    > (cur.files <- dir()) # current files in temp directory
    [1] "pdf1afb051dc4f65" "xptab1"
    >
    > simprazExample(overwrite=TRUE) # write files
    Warning in file(file, ifelse(append, "a", "w")) :
     cannot open file 'xptab1': Invalid argument
    Error in file(file, ifelse(append, "a", "w")) :
     cannot open the connection
    Calls: simprazExample -> writeTab -> cat -> file
    Execution halted
Flavor: r-devel-windows-x86_64

Version: 4.7.1
Check: examples
Result: ERROR
    Running examples in 'xpose4-Ex.R' failed
    The error most likely occurred in:
    
    > ### Name: simprazExample
    > ### Title: Function to create files for the simulated prazosin example in
    > ### Xpose
    > ### Aliases: simprazExample
    > ### Keywords: methods
    >
    > ### ** Examples
    >
    >
    > od = setwd(tempdir()) # move to a temp directory
    > (cur.files <- dir()) # current files in temp directory
    [1] "pdf26ea8304762e4" "xptab1"
    >
    > simprazExample(overwrite=TRUE) # write files
    Warning in file(file, ifelse(append, "a", "w")) :
     cannot open file 'xptab1': Invalid argument
    Error in file(file, ifelse(append, "a", "w")) :
     cannot open the connection
    Calls: simprazExample -> writeTab -> cat -> file
    Execution halted
Flavor: r-devel-windows-x86_64-gcc10-UCRT

Version: 4.7.1
Check: examples
Result: ERROR
    Running examples in 'xpose4-Ex.R' failed
    The error most likely occurred in:
    
    > ### Name: simprazExample
    > ### Title: Function to create files for the simulated prazosin example in
    > ### Xpose
    > ### Aliases: simprazExample
    > ### Keywords: methods
    >
    > ### ** Examples
    >
    >
    > od = setwd(tempdir()) # move to a temp directory
    > (cur.files <- dir()) # current files in temp directory
    [1] "pdfea18db1891" "xptab1"
    >
    > simprazExample(overwrite=TRUE) # write files
    Warning in file(file, ifelse(append, "a", "w")) :
     cannot open file 'xptab1': Invalid argument
    Error in file(file, ifelse(append, "a", "w")) :
     cannot open the connection
    Calls: simprazExample -> writeTab -> cat -> file
    Execution halted
Flavor: r-release-windows-ix86+x86_64

Version: 4.7.1
Check: examples
Result: ERROR
    Running examples in 'xpose4-Ex.R' failed
    The error most likely occurred in:
    
    > ### Name: simprazExample
    > ### Title: Function to create files for the simulated prazosin example in
    > ### Xpose
    > ### Aliases: simprazExample
    > ### Keywords: methods
    >
    > ### ** Examples
    >
    >
    > od = setwd(tempdir()) # move to a temp directory
    > (cur.files <- dir()) # current files in temp directory
    [1] "pdfee804b742657" "xptab1"
    >
    > simprazExample(overwrite=TRUE) # write files
    Warning in file(file, ifelse(append, "a", "w")) :
     cannot open file 'xptab1': Invalid argument
    Error in file(file, ifelse(append, "a", "w")) :
     cannot open the connection
    Calls: simprazExample -> writeTab -> cat -> file
    Execution halted
Flavor: r-oldrel-windows-ix86+x86_64