CRAN Package Check Results for Package xpose.nlmixr

Last updated on 2021-10-19 23:53:15 CEST.

Flavor Version Tinstall Tcheck Ttotal Status Flags
r-devel-linux-x86_64-debian-clang 0.2.0 10.13 76.02 86.15 OK
r-devel-linux-x86_64-debian-gcc 0.2.0 6.57 56.46 63.03 OK
r-devel-linux-x86_64-fedora-clang 0.2.0 116.28 NOTE
r-devel-linux-x86_64-fedora-gcc 0.2.0 98.67 NOTE
r-devel-windows-x86_64 0.2.0 17.00 83.00 100.00 OK
r-devel-windows-x86_64-gcc10-UCRT 0.2.0 NOTE
r-patched-linux-x86_64 0.2.0 10.68 70.67 81.35 OK
r-patched-solaris-x86 0.2.0 147.20 NOTE
r-release-linux-x86_64 0.2.0 8.97 69.61 78.58 OK
r-release-macos-arm64 0.2.0 ERROR
r-release-macos-x86_64 0.2.0 NOTE
r-release-windows-ix86+x86_64 0.2.0 24.00 99.00 123.00 OK
r-oldrel-macos-x86_64 0.2.0 NOTE
r-oldrel-windows-ix86+x86_64 0.2.0 26.00 104.00 130.00 OK

Check Details

Version: 0.2.0
Check: dependencies in R code
Result: NOTE
    Namespace in Imports field not imported from: ‘methods’
     All declared Imports should be used.
Flavors: r-devel-linux-x86_64-fedora-clang, r-devel-linux-x86_64-fedora-gcc, r-devel-windows-x86_64-gcc10-UCRT, r-patched-solaris-x86, r-release-macos-x86_64, r-oldrel-macos-x86_64

Version: 0.2.0
Check: Rd cross-references
Result: NOTE
    Undeclared package ‘readr’ in Rd xrefs
Flavor: r-devel-linux-x86_64-fedora-clang

Version: 0.2.0
Check: package dependencies
Result: ERROR
    Package required but not available: ‘nlmixr’
    
    See section ‘The DESCRIPTION file’ in the ‘Writing R Extensions’
    manual.
Flavor: r-release-macos-arm64