CRAN Package Check Results for Package xmlconvert

Last updated on 2023-06-01 00:59:57 CEST.

Flavor Version Tinstall Tcheck Ttotal Status Flags
r-devel-linux-x86_64-debian-clang 0.1.2 2.42 27.54 29.96 OK
r-devel-linux-x86_64-debian-gcc 0.1.2 1.88 21.62 23.50 OK
r-devel-linux-x86_64-fedora-clang 0.1.2 37.87 OK
r-devel-linux-x86_64-fedora-gcc 0.1.2 35.49 OK
r-devel-windows-x86_64 0.1.2 5.00 43.00 48.00 OK
r-patched-linux-x86_64 0.1.2 OK
r-release-linux-x86_64 0.1.2 1.56 26.74 28.30 OK
r-release-macos-arm64 0.1.2 17.00 OK
r-release-macos-x86_64 0.1.2 21.00 OK
r-release-windows-x86_64 0.1.2 4.00 43.00 47.00 OK
r-oldrel-macos-arm64 0.1.2 14.00 OK
r-oldrel-macos-x86_64 0.1.2 26.00 NOTE
r-oldrel-windows-x86_64 0.1.2 5.00 46.00 51.00 OK

Check Details

Version: 0.1.2
Check: package dependencies
Result: NOTE
    Package suggested but not available for checking: ‘xlsx’
Flavor: r-oldrel-macos-x86_64