CRAN Package Check Results for Package xgobi

Last updated on 2021-10-24 23:52:07 CEST.

Flavor Version Tinstall Tcheck Ttotal Status Flags
r-devel-linux-x86_64-debian-clang 1.2-15 2.29 22.80 25.09 NOTE
r-devel-linux-x86_64-debian-gcc 1.2-15 1.67 18.06 19.73 NOTE
r-devel-linux-x86_64-fedora-clang 1.2-15 41.31 NOTE
r-devel-linux-x86_64-fedora-gcc 1.2-15 30.96 NOTE
r-devel-windows-x86_64 1.2-15 4.00 55.00 59.00 NOTE
r-devel-windows-x86_64-gcc10-UCRT 1.2-15 NOTE
r-patched-linux-x86_64 1.2-15 2.72 22.30 25.02 NOTE
r-patched-solaris-x86 1.2-15 50.30 NOTE
r-release-linux-x86_64 1.2-15 2.18 22.13 24.31 NOTE
r-release-macos-arm64 1.2-15 NOTE
r-release-macos-x86_64 1.2-15 NOTE
r-release-windows-ix86+x86_64 1.2-15 5.00 51.00 56.00 NOTE
r-oldrel-macos-x86_64 1.2-15 NOTE
r-oldrel-windows-ix86+x86_64 1.2-15 4.00 48.00 52.00 NOTE

Check Details

Version: 1.2-15
Check: top-level files
Result: NOTE
    File
     LICENCE
    is not mentioned in the DESCRIPTION file.
Flavors: r-devel-linux-x86_64-debian-clang, r-devel-linux-x86_64-debian-gcc, r-devel-linux-x86_64-fedora-clang, r-devel-linux-x86_64-fedora-gcc, r-devel-windows-x86_64, r-devel-windows-x86_64-gcc10-UCRT, r-patched-linux-x86_64, r-patched-solaris-x86, r-release-linux-x86_64, r-release-macos-arm64, r-release-macos-x86_64, r-release-windows-ix86+x86_64, r-oldrel-macos-x86_64, r-oldrel-windows-ix86+x86_64

Version: 1.2-15
Check: R code for possible problems
Result: NOTE
    quadplot: no visible global function definition for 'median'
    xgobi: no visible global function definition for 'write.table'
    Undefined global functions or variables:
     median write.table
    Consider adding
     importFrom("stats", "median")
     importFrom("utils", "write.table")
    to your NAMESPACE file.
Flavors: r-devel-linux-x86_64-debian-clang, r-devel-linux-x86_64-debian-gcc, r-devel-linux-x86_64-fedora-clang, r-devel-linux-x86_64-fedora-gcc, r-devel-windows-x86_64, r-devel-windows-x86_64-gcc10-UCRT, r-patched-linux-x86_64, r-patched-solaris-x86, r-release-linux-x86_64, r-release-macos-arm64, r-release-macos-x86_64, r-release-windows-ix86+x86_64, r-oldrel-macos-x86_64, r-oldrel-windows-ix86+x86_64