CRAN Package Check Results for Package xergm.common

Last updated on 2022-01-23 23:50:34 CET.

Flavor Version Tinstall Tcheck Ttotal Status Flags
r-devel-linux-x86_64-debian-clang 1.7.8 10.49 92.70 103.19 OK
r-devel-linux-x86_64-debian-gcc 1.7.8 9.52 79.87 89.39 OK
r-devel-linux-x86_64-fedora-clang 1.7.8 125.05 NOTE
r-devel-linux-x86_64-fedora-gcc 1.7.8 111.13 OK
r-devel-windows-x86_64-new-UL 1.7.8 46.00 109.00 155.00 OK
r-devel-windows-x86_64-new-TK 1.7.8 OK
r-patched-linux-x86_64 1.7.8 10.74 88.54 99.28 OK
r-release-linux-x86_64 1.7.8 9.86 89.48 99.34 OK
r-release-macos-arm64 1.7.8 OK
r-release-macos-x86_64 1.7.8 OK
r-release-windows-ix86+x86_64 1.7.8 22.00 104.00 126.00 OK
r-oldrel-macos-x86_64 1.7.8 OK
r-oldrel-windows-ix86+x86_64 1.7.8 23.00 105.00 128.00 OK

Check Details

Version: 1.7.8
Check: Rd cross-references
Result: NOTE
    Undeclared package ‘RSiena’ in Rd xrefs
Flavor: r-devel-linux-x86_64-fedora-clang