CRAN Package Check Results for Package xSub

Last updated on 2022-01-23 23:50:34 CET.

Flavor Version Tinstall Tcheck Ttotal Status Flags
r-devel-linux-x86_64-debian-clang 3.0.1 7.32 53.11 60.43 OK
r-devel-linux-x86_64-debian-gcc 3.0.1 5.08 45.19 50.27 OK
r-devel-linux-x86_64-fedora-clang 3.0.1 74.19 NOTE
r-devel-linux-x86_64-fedora-gcc 3.0.1 61.37 NOTE
r-devel-windows-x86_64-new-UL 3.0.1 23.00 75.00 98.00 OK
r-devel-windows-x86_64-new-TK 3.0.1 NOTE
r-patched-linux-x86_64 3.0.1 6.65 50.38 57.03 OK
r-release-linux-x86_64 3.0.1 5.18 50.44 55.62 OK
r-release-macos-arm64 3.0.1 NOTE
r-release-macos-x86_64 3.0.1 NOTE
r-release-windows-ix86+x86_64 3.0.1 14.00 61.00 75.00 OK
r-oldrel-macos-x86_64 3.0.1 NOTE
r-oldrel-windows-ix86+x86_64 3.0.1 13.00 63.00 76.00 OK

Check Details

Version: 3.0.1
Check: data for non-ASCII characters
Result: NOTE
     Note: found 268 marked UTF-8 strings
Flavors: r-devel-linux-x86_64-fedora-clang, r-devel-linux-x86_64-fedora-gcc, r-devel-windows-x86_64-new-TK, r-release-macos-arm64, r-release-macos-x86_64, r-oldrel-macos-x86_64