CRAN Package Check Results for Package wv

Last updated on 2021-10-27 23:50:44 CEST.

Flavor Version Tinstall Tcheck Ttotal Status Flags
r-devel-linux-x86_64-debian-clang 0.1.1 165.23 41.76 206.99 OK
r-devel-linux-x86_64-debian-gcc 0.1.1 119.66 32.62 152.28 OK
r-devel-linux-x86_64-fedora-clang 0.1.1 336.41 NOTE
r-devel-linux-x86_64-fedora-gcc 0.1.1 290.72 NOTE
r-devel-windows-x86_64 0.1.1 220.00 55.00 275.00 OK
r-devel-windows-x86_64-gcc10-UCRT 0.1.1 NOTE
r-patched-linux-x86_64 0.1.1 146.99 41.12 188.11 OK
r-patched-solaris-x86 0.1.1 257.30 NOTE
r-release-linux-x86_64 0.1.1 142.04 40.86 182.90 OK
r-release-macos-arm64 0.1.1 NOTE
r-release-macos-x86_64 0.1.1 NOTE
r-release-windows-ix86+x86_64 0.1.1 310.00 90.00 400.00 OK
r-oldrel-macos-x86_64 0.1.1 NOTE
r-oldrel-windows-ix86+x86_64 0.1.1 312.00 91.00 403.00 OK

Check Details

Version: 0.1.1
Check: installed package size
Result: NOTE
     installed size is 7.6Mb
     sub-directories of 1Mb or more:
     help 1.6Mb
     libs 5.8Mb
Flavors: r-devel-linux-x86_64-fedora-clang, r-release-macos-arm64, r-release-macos-x86_64, r-oldrel-macos-x86_64

Version: 0.1.1
Check: dependencies in R code
Result: NOTE
    Namespace in Imports field not imported from: ‘simts’
     All declared Imports should be used.
Flavors: r-devel-linux-x86_64-fedora-clang, r-devel-linux-x86_64-fedora-gcc, r-devel-windows-x86_64-gcc10-UCRT, r-patched-solaris-x86, r-release-macos-arm64, r-release-macos-x86_64, r-oldrel-macos-x86_64