CRAN Package Check Results for Package widgetframe

Last updated on 2021-12-08 23:49:35 CET.

Flavor Version Tinstall Tcheck Ttotal Status Flags
r-devel-linux-x86_64-debian-clang 0.3.1 2.57 36.57 39.14 NOTE
r-devel-linux-x86_64-debian-gcc 0.3.1 2.07 29.67 31.74 NOTE
r-devel-linux-x86_64-fedora-clang 0.3.1 52.40 NOTE
r-devel-linux-x86_64-fedora-gcc 0.3.1 37.93 NOTE
r-devel-windows-x86_64-new-UL 0.3.1 8.00 70.00 78.00 NOTE
r-devel-windows-x86_64-new-TK 0.3.1 NOTE
r-devel-windows-x86_64-old 0.3.1 5.00 38.00 43.00 NOTE
r-patched-linux-x86_64 0.3.1 2.67 35.56 38.23 NOTE
r-release-linux-x86_64 0.3.1 2.56 35.31 37.87 NOTE
r-release-macos-arm64 0.3.1 NOTE
r-release-macos-x86_64 0.3.1 NOTE
r-release-windows-ix86+x86_64 0.3.1 5.00 49.00 54.00 NOTE
r-oldrel-macos-x86_64 0.3.1 OK
r-oldrel-windows-ix86+x86_64 0.3.1 6.00 49.00 55.00 OK

Check Details

Version: 0.3.1
Check: LazyData
Result: NOTE
     'LazyData' is specified without a 'data' directory
Flavors: r-devel-linux-x86_64-debian-clang, r-devel-linux-x86_64-debian-gcc, r-devel-linux-x86_64-fedora-clang, r-devel-linux-x86_64-fedora-gcc, r-devel-windows-x86_64-new-UL, r-devel-windows-x86_64-new-TK, r-devel-windows-x86_64-old, r-patched-linux-x86_64, r-release-linux-x86_64, r-release-macos-arm64, r-release-macos-x86_64, r-release-windows-ix86+x86_64