CRAN Package Check Results for Package whomds

Last updated on 2022-12-05 23:50:45 CET.

Flavor Version Tinstall Tcheck Ttotal Status Flags
r-devel-linux-x86_64-debian-clang 1.1.0 16.73 480.80 497.53 OK
r-devel-linux-x86_64-debian-gcc 1.1.0 12.12 363.09 375.21 OK
r-devel-linux-x86_64-fedora-clang 1.1.0 631.35 NOTE
r-devel-linux-x86_64-fedora-gcc 1.1.0 598.74 OK
r-devel-windows-x86_64 1.1.0 45.00 532.00 577.00 OK
r-patched-linux-x86_64 1.1.0 15.80 456.89 472.69 OK
r-release-linux-x86_64 1.1.0 11.30 438.97 450.27 OK
r-release-macos-arm64 1.1.0 145.00 OK
r-release-macos-x86_64 1.1.0 197.00 OK
r-release-windows-x86_64 1.1.0 74.00 536.00 610.00 OK
r-oldrel-macos-arm64 1.1.0 137.00 OK
r-oldrel-macos-x86_64 1.1.0 202.00 OK
r-oldrel-windows-ix86+x86_64 1.1.0 34.00 530.00 564.00 OK

Check Details

Version: 1.1.0
Check: package dependencies
Result: NOTE
    Imports includes 22 non-default packages.
    Importing from so many packages makes the package vulnerable to any of
    them becoming unavailable. Move as many as possible to Suggests and
    use conditionally.
Flavor: r-devel-linux-x86_64-fedora-clang