CRAN Package Check Results for Package wellknown

Last updated on 2022-01-22 23:52:27 CET.

Flavor Version Tinstall Tcheck Ttotal Status Flags
r-devel-linux-x86_64-debian-clang 0.7.4 219.22 50.11 269.33 OK
r-devel-linux-x86_64-debian-gcc 0.7.4 146.39 70.70 217.09 OK
r-devel-linux-x86_64-fedora-clang 0.7.4 387.25 NOTE
r-devel-linux-x86_64-fedora-gcc 0.7.4 324.73 OK
r-devel-windows-x86_64-new-UL 0.7.4 677.00 99.00 776.00 OK
r-devel-windows-x86_64-new-TK 0.7.4 OK
r-patched-linux-x86_64 0.7.4 181.10 48.55 229.65 OK
r-release-linux-x86_64 0.7.4 175.37 48.76 224.13 OK
r-release-macos-arm64 0.7.4 NOTE
r-release-macos-x86_64 0.7.4 NOTE
r-release-windows-ix86+x86_64 0.7.4 418.00 96.00 514.00 OK
r-oldrel-macos-x86_64 0.7.4 NOTE
r-oldrel-windows-ix86+x86_64 0.7.4 420.00 97.00 517.00 OK

Check Details

Version: 0.7.4
Check: installed package size
Result: NOTE
     installed size is 14.0Mb
     sub-directories of 1Mb or more:
     libs 13.7Mb
Flavors: r-devel-linux-x86_64-fedora-clang, r-release-macos-arm64, r-release-macos-x86_64, r-oldrel-macos-x86_64