CRAN Package Check Results for Package weightedScores

Last updated on 2022-01-21 23:49:05 CET.

Flavor Version Tinstall Tcheck Ttotal Status Flags
r-devel-linux-x86_64-debian-clang 0.9.5.3 8.76 147.54 156.30 OK
r-devel-linux-x86_64-debian-gcc 0.9.5.3 7.74 106.98 114.72 OK
r-devel-linux-x86_64-fedora-clang 0.9.5.3 194.97 NOTE
r-devel-linux-x86_64-fedora-gcc 0.9.5.3 171.23 NOTE
r-devel-windows-x86_64-new-UL 0.9.5.3 144.00 153.00 297.00 OK
r-devel-windows-x86_64-new-TK 0.9.5.3 OK
r-patched-linux-x86_64 0.9.5.3 8.16 138.68 146.84 OK
r-release-linux-x86_64 0.9.5.3 7.77 139.88 147.65 OK
r-release-macos-arm64 0.9.5.3 OK
r-release-macos-x86_64 0.9.5.3 OK
r-release-windows-ix86+x86_64 0.9.5.3 23.00 266.00 289.00 OK
r-oldrel-macos-x86_64 0.9.5.3 OK
r-oldrel-windows-ix86+x86_64 0.9.5.3 27.00 263.00 290.00 OK

Check Details

Version: 0.9.5.3
Check: compiled code
Result: NOTE
    File ‘weightedScores/libs/weightedScores.so’:
     Found no calls to: ‘R_registerRoutines’, ‘R_useDynamicSymbols’
    
    It is good practice to register native routines and to disable symbol
    search.
    
    See ‘Writing portable packages’ in the ‘Writing R Extensions’ manual.
Flavors: r-devel-linux-x86_64-fedora-clang, r-devel-linux-x86_64-fedora-gcc