Last updated on 2023-06-10 00:55:01 CEST.
Flavor | Version | Tinstall | Tcheck | Ttotal | Status | Flags |
---|---|---|---|---|---|---|
r-devel-linux-x86_64-debian-clang | 0.1.1 | 11.08 | 299.44 | 310.52 | OK | |
r-devel-linux-x86_64-debian-gcc | 0.1.1 | 8.31 | 158.00 | 166.31 | OK | |
r-devel-linux-x86_64-fedora-clang | 0.1.1 | 327.78 | NOTE | |||
r-devel-linux-x86_64-fedora-gcc | 0.1.1 | 238.53 | OK | |||
r-devel-windows-x86_64 | 0.1.1 | 10.00 | 168.00 | 178.00 | OK | |
r-patched-linux-x86_64 | 0.1.1 | 7.68 | 194.84 | 202.52 | OK | |
r-release-linux-x86_64 | 0.1.1 | 6.26 | 197.12 | 203.38 | OK | |
r-release-macos-arm64 | 0.1.1 | 71.00 | OK | |||
r-release-macos-x86_64 | 0.1.1 | 112.00 | OK | |||
r-release-windows-x86_64 | 0.1.1 | 13.00 | 200.00 | 213.00 | OK | |
r-oldrel-macos-arm64 | 0.1.1 | 62.00 | OK | |||
r-oldrel-macos-x86_64 | 0.1.1 | 99.00 | OK | |||
r-oldrel-windows-x86_64 | 0.1.1 | 14.00 | 182.00 | 196.00 | OK |
Version: 0.1.1
Check: Rd cross-references
Result: NOTE
Undeclared package ‘purrr’ in Rd xrefs
Flavor: r-devel-linux-x86_64-fedora-clang