CRAN Package Check Results for Package webmockr

Last updated on 2021-09-27 23:50:58 CEST.

Flavor Version Tinstall Tcheck Ttotal Status Flags
r-devel-linux-x86_64-debian-clang 0.8.0 17.99 49.49 67.48 NOTE
r-devel-linux-x86_64-debian-gcc 0.8.0 11.76 38.63 50.39 NOTE
r-devel-linux-x86_64-fedora-clang 0.8.0 92.03 NOTE
r-devel-linux-x86_64-fedora-gcc 0.8.0 77.54 NOTE
r-devel-windows-x86_64 0.8.0 16.00 52.00 68.00 NOTE
r-devel-windows-x86_64-gcc10-UCRT 0.8.0 NOTE
r-patched-linux-x86_64 0.8.0 15.31 47.30 62.61 NOTE
r-patched-solaris-x86 0.8.0 106.70 NOTE
r-release-linux-x86_64 0.8.0 14.85 47.92 62.77 NOTE
r-release-macos-arm64 0.8.0 NOTE
r-release-macos-x86_64 0.8.0 NOTE
r-release-windows-ix86+x86_64 0.8.0 25.00 49.00 74.00 NOTE
r-oldrel-macos-x86_64 0.8.0 OK
r-oldrel-windows-ix86+x86_64 0.8.0 17.00 51.00 68.00 OK

Check Details

Version: 0.8.0
Check: LazyData
Result: NOTE
     'LazyData' is specified without a 'data' directory
Flavors: r-devel-linux-x86_64-debian-clang, r-devel-linux-x86_64-debian-gcc, r-devel-linux-x86_64-fedora-clang, r-devel-linux-x86_64-fedora-gcc, r-devel-windows-x86_64, r-devel-windows-x86_64-gcc10-UCRT, r-patched-linux-x86_64, r-patched-solaris-x86, r-release-linux-x86_64, r-release-macos-arm64, r-release-macos-x86_64, r-release-windows-ix86+x86_64