CRAN Package Check Results for Package webdriver

Last updated on 2021-09-15 23:50:02 CEST.

Flavor Version Tinstall Tcheck Ttotal Status Flags
r-devel-linux-x86_64-debian-clang 1.0.6 6.19 32.10 38.29 NOTE
r-devel-linux-x86_64-debian-gcc 1.0.6 4.66 25.58 30.24 NOTE
r-devel-linux-x86_64-fedora-clang 1.0.6 55.17 NOTE
r-devel-linux-x86_64-fedora-gcc 1.0.6 44.43 NOTE
r-devel-windows-x86_64 1.0.6 9.00 48.00 57.00 NOTE
r-devel-windows-x86_64-gcc10-UCRT 1.0.6 NOTE
r-patched-linux-x86_64 1.0.6 5.55 31.35 36.90 NOTE
r-patched-solaris-x86 1.0.6 67.90 NOTE
r-release-linux-x86_64 1.0.6 5.78 31.32 37.10 NOTE
r-release-macos-arm64 1.0.6 NOTE
r-release-macos-x86_64 1.0.6 NOTE
r-release-windows-ix86+x86_64 1.0.6 11.00 37.00 48.00 NOTE
r-oldrel-macos-x86_64 1.0.6 OK
r-oldrel-windows-ix86+x86_64 1.0.6 8.00 45.00 53.00 OK

Check Details

Version: 1.0.6
Check: LazyData
Result: NOTE
     'LazyData' is specified without a 'data' directory
Flavors: r-devel-linux-x86_64-debian-clang, r-devel-linux-x86_64-debian-gcc, r-devel-linux-x86_64-fedora-clang, r-devel-linux-x86_64-fedora-gcc, r-devel-windows-x86_64, r-devel-windows-x86_64-gcc10-UCRT, r-patched-linux-x86_64, r-patched-solaris-x86, r-release-linux-x86_64, r-release-macos-arm64, r-release-macos-x86_64, r-release-windows-ix86+x86_64