Last updated on 2023-06-02 01:00:42 CEST.
Flavor | Version | Tinstall | Tcheck | Ttotal | Status | Flags |
---|---|---|---|---|---|---|
r-devel-linux-x86_64-debian-clang | 0.8.1 | 18.53 | 154.30 | 172.83 | NOTE | |
r-devel-linux-x86_64-debian-gcc | 0.8.1 | 16.14 | 116.34 | 132.48 | NOTE | |
r-devel-linux-x86_64-fedora-clang | 0.8.1 | 219.16 | NOTE | |||
r-devel-linux-x86_64-fedora-gcc | 0.8.1 | 207.67 | NOTE | |||
r-devel-windows-x86_64 | 0.8.1 | 19.00 | 125.00 | 144.00 | NOTE | |
r-patched-linux-x86_64 | 0.8.1 | NOTE | ||||
r-release-linux-x86_64 | 0.8.1 | 12.93 | 143.23 | 156.16 | NOTE | |
r-release-macos-arm64 | 0.8.1 | 63.00 | NOTE | |||
r-release-macos-x86_64 | 0.8.1 | 102.00 | NOTE | |||
r-release-windows-x86_64 | 0.8.1 | 23.00 | 152.00 | 175.00 | NOTE | |
r-oldrel-macos-arm64 | 0.8.1 | 58.00 | OK | |||
r-oldrel-macos-x86_64 | 0.8.1 | 100.00 | OK | |||
r-oldrel-windows-x86_64 | 0.8.1 | 24.00 | 151.00 | 175.00 | OK |
Version: 0.8.1
Check: package subdirectories
Result: NOTE
Problems with news in ‘NEWS.md’:
No news entries found.
Flavors: r-devel-linux-x86_64-debian-clang, r-devel-linux-x86_64-debian-gcc, r-devel-linux-x86_64-fedora-clang, r-devel-linux-x86_64-fedora-gcc, r-devel-windows-x86_64, r-patched-linux-x86_64, r-release-linux-x86_64, r-release-macos-arm64, r-release-macos-x86_64, r-release-windows-x86_64