CRAN Package Check Results for Package wdnr.gis

Last updated on 2022-01-16 23:51:50 CET.

Flavor Version Tinstall Tcheck Ttotal Status Flags
r-devel-linux-x86_64-debian-clang 0.1.2 6.11 75.08 81.19 OK
r-devel-linux-x86_64-debian-gcc 0.1.2 6.00 57.31 63.31 OK
r-devel-linux-x86_64-fedora-clang 0.1.2 103.89 NOTE
r-devel-linux-x86_64-fedora-gcc 0.1.2 89.11 NOTE
r-devel-windows-x86_64-new-UL 0.1.2 47.00 104.00 151.00 OK
r-devel-windows-x86_64-new-TK 0.1.2 NOTE
r-patched-linux-x86_64 0.1.2 15.89 70.87 86.76 OK
r-release-linux-x86_64 0.1.2 OK
r-release-macos-arm64 0.1.2 NOTE
r-release-macos-x86_64 0.1.2 NOTE
r-release-windows-ix86+x86_64 0.1.2 17.00 86.00 103.00 OK
r-oldrel-macos-x86_64 0.1.2 NOTE
r-oldrel-windows-ix86+x86_64 0.1.2 17.00 89.00 106.00 OK

Check Details

Version: 0.1.2
Check: dependencies in R code
Result: NOTE
    Namespaces in Imports field not imported from:
     ‘ggplot2’ ‘httr’ ‘jsonlite’
     All declared Imports should be used.
Flavors: r-devel-linux-x86_64-fedora-clang, r-devel-linux-x86_64-fedora-gcc, r-devel-windows-x86_64-new-TK, r-release-macos-arm64, r-release-macos-x86_64, r-oldrel-macos-x86_64