CRAN Package Check Results for Package waiter

Last updated on 2022-10-05 23:55:17 CEST.

Flavor Version Tinstall Tcheck Ttotal Status Flags
r-devel-linux-x86_64-debian-clang 0.2.5 9.39 48.60 57.99 OK
r-devel-linux-x86_64-debian-gcc 0.2.5 5.72 37.64 43.36 OK
r-devel-linux-x86_64-fedora-clang 0.2.5 83.50 NOTE
r-devel-linux-x86_64-fedora-gcc 0.2.5 79.87 NOTE
r-devel-windows-x86_64 0.2.5 30.00 87.00 117.00 OK
r-patched-linux-x86_64 0.2.5 10.23 46.98 57.21 OK
r-release-linux-x86_64 0.2.5 7.11 46.42 53.53 OK
r-release-macos-arm64 0.2.5 25.00 NOTE
r-release-macos-x86_64 0.2.5 34.00 NOTE
r-release-windows-x86_64 0.2.5 23.00 87.00 110.00 OK
r-oldrel-macos-arm64 0.2.5 22.00 NOTE
r-oldrel-macos-x86_64 0.2.5 37.00 NOTE
r-oldrel-windows-ix86+x86_64 0.2.5 22.00 79.00 101.00 OK

Check Details

Version: 0.2.5
Check: dependencies in R code
Result: NOTE
    Namespace in Imports field not imported from: ‘R6’
     All declared Imports should be used.
Flavors: r-devel-linux-x86_64-fedora-clang, r-devel-linux-x86_64-fedora-gcc, r-release-macos-arm64, r-release-macos-x86_64, r-oldrel-macos-arm64, r-oldrel-macos-x86_64