Last updated on 2022-07-02 23:50:52 CEST.
Flavor | Version | Tinstall | Tcheck | Ttotal | Status | Flags |
---|---|---|---|---|---|---|
r-devel-linux-x86_64-debian-clang | 1.5.7 | 128.31 | 121.48 | 249.79 | OK | |
r-devel-linux-x86_64-debian-gcc | 1.5.7 | 118.30 | 92.08 | 210.38 | OK | |
r-devel-linux-x86_64-fedora-clang | 1.5.7 | 325.10 | NOTE | |||
r-devel-linux-x86_64-fedora-gcc | 1.5.7 | 336.60 | OK | |||
r-devel-windows-x86_64 | 1.5.7 | 157.00 | 209.00 | 366.00 | OK | |
r-patched-linux-x86_64 | 1.5.7 | 128.83 | 115.54 | 244.37 | OK | |
r-release-linux-x86_64 | 1.5.7 | 122.81 | 115.16 | 237.97 | OK | |
r-release-macos-arm64 | 1.5.7 | 87.00 | NOTE | |||
r-release-macos-x86_64 | 1.5.7 | 121.00 | NOTE | |||
r-release-windows-x86_64 | 1.5.7 | 188.00 | 201.00 | 389.00 | OK | |
r-oldrel-macos-arm64 | 1.5.7 | 456.00 | NOTE | |||
r-oldrel-macos-x86_64 | 1.5.7 | 113.00 | NOTE | |||
r-oldrel-windows-ix86+x86_64 | 1.5.7 | 342.00 | 260.00 | 602.00 | OK |
Version: 1.5.7
Check: installed package size
Result: NOTE
installed size is 8.4Mb
sub-directories of 1Mb or more:
libs 6.9Mb
Flavors: r-devel-linux-x86_64-fedora-clang, r-release-macos-arm64, r-release-macos-x86_64, r-oldrel-macos-arm64, r-oldrel-macos-x86_64
Version: 1.5.7
Check: Rd cross-references
Result: NOTE
Undeclared package ‘readr’ in Rd xrefs
Flavor: r-devel-linux-x86_64-fedora-clang