CRAN Package Check Results for Package votesys

Last updated on 2021-08-03 23:52:33 CEST.

Flavor Version Tinstall Tcheck Ttotal Status Flags
r-devel-linux-x86_64-debian-clang 0.1.1 8.92 74.20 83.12 NOTE
r-devel-linux-x86_64-debian-gcc 0.1.1 6.96 54.93 61.89 NOTE
r-devel-linux-x86_64-fedora-clang 0.1.1 107.85 NOTE
r-devel-linux-x86_64-fedora-gcc 0.1.1 95.31 NOTE
r-devel-windows-x86_64 0.1.1 9.00 96.00 105.00 NOTE
r-devel-windows-x86_64-gcc10-UCRT 0.1.1 NOTE
r-patched-linux-x86_64 0.1.1 7.57 69.17 76.74 NOTE
r-patched-solaris-x86 0.1.1 136.70 NOTE
r-release-linux-x86_64 0.1.1 7.91 69.57 77.48 NOTE
r-release-macos-arm64 0.1.1 NOTE
r-release-macos-x86_64 0.1.1 NOTE
r-release-windows-ix86+x86_64 0.1.1 19.00 67.00 86.00 NOTE
r-oldrel-macos-x86_64 0.1.1 OK
r-oldrel-windows-ix86+x86_64 0.1.1 16.00 93.00 109.00 OK

Check Details

Version: 0.1.1
Check: LazyData
Result: NOTE
     'LazyData' is specified without a 'data' directory
Flavors: r-devel-linux-x86_64-debian-clang, r-devel-linux-x86_64-debian-gcc, r-devel-linux-x86_64-fedora-clang, r-devel-linux-x86_64-fedora-gcc, r-devel-windows-x86_64, r-devel-windows-x86_64-gcc10-UCRT, r-patched-linux-x86_64, r-patched-solaris-x86, r-release-linux-x86_64, r-release-macos-arm64, r-release-macos-x86_64, r-release-windows-ix86+x86_64