CRAN Package Check Results for Package volleystat

Last updated on 2021-10-18 23:49:50 CEST.

Flavor Version Tinstall Tcheck Ttotal Status Flags
r-devel-linux-x86_64-debian-clang 0.2.0 2.64 34.12 36.76 OK
r-devel-linux-x86_64-debian-gcc 0.2.0 2.24 27.10 29.34 OK
r-devel-linux-x86_64-fedora-clang 0.2.0 55.43 NOTE
r-devel-linux-x86_64-fedora-gcc 0.2.0 44.43 NOTE
r-devel-windows-x86_64 0.2.0 5.00 48.00 53.00 OK
r-devel-windows-x86_64-gcc10-UCRT 0.2.0 NOTE
r-patched-linux-x86_64 0.2.0 2.30 34.66 36.96 OK
r-patched-solaris-x86 0.2.0 57.90 NOTE
r-release-linux-x86_64 0.2.0 2.73 34.91 37.64 OK
r-release-macos-arm64 0.2.0 NOTE
r-release-macos-x86_64 0.2.0 NOTE
r-release-windows-ix86+x86_64 0.2.0 6.00 56.00 62.00 OK
r-oldrel-macos-x86_64 0.2.0 NOTE
r-oldrel-windows-ix86+x86_64 0.2.0 7.00 55.00 62.00 OK

Check Details

Version: 0.2.0
Check: data for non-ASCII characters
Result: NOTE
     Note: found 4954 marked UTF-8 strings
Flavors: r-devel-linux-x86_64-fedora-clang, r-devel-linux-x86_64-fedora-gcc, r-devel-windows-x86_64-gcc10-UCRT, r-patched-solaris-x86, r-release-macos-arm64, r-release-macos-x86_64, r-oldrel-macos-x86_64