Last updated on 2023-02-03 23:51:53 CET.
Flavor | Version | Tinstall | Tcheck | Ttotal | Status | Flags |
---|---|---|---|---|---|---|
r-devel-linux-x86_64-debian-clang | 0.2.2 | 150.48 | 62.25 | 212.73 | NOTE | |
r-devel-linux-x86_64-debian-gcc | 0.2.2 | 110.12 | 46.89 | 157.01 | NOTE | |
r-devel-linux-x86_64-fedora-clang | 0.2.2 | 315.12 | NOTE | |||
r-devel-linux-x86_64-fedora-gcc | 0.2.2 | 271.25 | NOTE | |||
r-patched-linux-x86_64 | 0.2.2 | 111.07 | 61.04 | 172.11 | OK | |
r-release-linux-x86_64 | 0.2.2 | 111.20 | 59.95 | 171.15 | OK | |
r-release-macos-arm64 | 0.2.2 | 67.00 | NOTE | |||
r-release-macos-x86_64 | 0.2.2 | 111.00 | NOTE | |||
r-release-windows-x86_64 | 0.2.2 | 133.00 | 129.00 | 262.00 | OK | |
r-oldrel-macos-arm64 | 0.2.2 | 70.00 | NOTE | |||
r-oldrel-macos-x86_64 | 0.2.2 | 115.00 | OK | |||
r-oldrel-windows-ix86+x86_64 | 0.2.2 | 353.00 | 128.00 | 481.00 | OK |
Version: 0.2.2
Check: C++ specification
Result: NOTE
Specified C++11: please update to current default of C++17
Flavors: r-devel-linux-x86_64-debian-clang, r-devel-linux-x86_64-debian-gcc, r-devel-linux-x86_64-fedora-clang, r-devel-linux-x86_64-fedora-gcc
Version: 0.2.2
Check: installed package size
Result: NOTE
installed size is 5.0Mb
sub-directories of 1Mb or more:
libs 4.5Mb
Flavors: r-release-macos-arm64, r-release-macos-x86_64, r-oldrel-macos-arm64