CRAN Package Check Results for Package viscomplexr

Last updated on 2024-06-14 00:54:04 CEST.

Flavor Version Tinstall Tcheck Ttotal Status Flags
r-devel-linux-x86_64-debian-clang 1.1.1 25.14 96.90 122.04 NOTE
r-devel-linux-x86_64-debian-gcc 1.1.1 12.79 68.14 80.93 ERROR
r-devel-linux-x86_64-fedora-clang 1.1.1 156.98 NOTE
r-devel-linux-x86_64-fedora-gcc 1.1.1 165.40 NOTE
r-devel-windows-x86_64 1.1.1 20.00 94.00 114.00 NOTE
r-patched-linux-x86_64 1.1.1 19.68 94.87 114.55 NOTE
r-release-linux-x86_64 1.1.1 15.75 93.38 109.13 NOTE
r-release-macos-arm64 1.1.1 46.00 NOTE
r-release-macos-x86_64 1.1.1 69.00 NOTE
r-release-windows-x86_64 1.1.1 20.00 97.00 117.00 NOTE
r-oldrel-macos-arm64 1.1.1 49.00 OK
r-oldrel-macos-x86_64 1.1.1 72.00 OK
r-oldrel-windows-x86_64 1.1.1 24.00 115.00 139.00 OK

Check Details

Version: 1.1.1
Check: Rd files
Result: NOTE checkRd: (-1) phasePortrait.Rd:350: Lost braces; missing escapes or markup? 350 | \code{vMod = xMod^(1/lambda)} and {vArg = xArg^(1/lambda)}\cr\cr | ^ Flavors: r-devel-linux-x86_64-debian-clang, r-devel-linux-x86_64-debian-gcc, r-devel-linux-x86_64-fedora-clang, r-devel-linux-x86_64-fedora-gcc, r-devel-windows-x86_64, r-patched-linux-x86_64, r-release-linux-x86_64, r-release-macos-arm64, r-release-macos-x86_64, r-release-windows-x86_64

Version: 1.1.1
Check: package dependencies
Result: NOTE Package suggested but not available for checking: ‘testthat’ Flavor: r-devel-linux-x86_64-debian-gcc

Version: 1.1.1
Check: tests
Result: ERROR Running ‘testthat.R’ [0s/1s] Running the tests in ‘tests/testthat.R’ failed. Complete output: > library(testthat) Error in library(testthat) : there is no package called 'testthat' Execution halted Flavor: r-devel-linux-x86_64-debian-gcc