CRAN Package Check Results for Package vindecodr

Last updated on 2023-06-10 00:55:01 CEST.

Flavor Version Tinstall Tcheck Ttotal Status Flags
r-devel-linux-x86_64-debian-clang 0.1.1 1.95 21.40 23.35 NOTE
r-devel-linux-x86_64-debian-gcc 0.1.1 1.81 17.29 19.10 NOTE
r-devel-linux-x86_64-fedora-clang 0.1.1 30.36 NOTE
r-devel-linux-x86_64-fedora-gcc 0.1.1 28.74 NOTE
r-devel-windows-x86_64 0.1.1 4.00 39.00 43.00 NOTE
r-patched-linux-x86_64 0.1.1 2.39 21.03 23.42 NOTE
r-release-linux-x86_64 0.1.1 2.08 21.02 23.10 NOTE
r-release-macos-arm64 0.1.1 15.00 NOTE
r-release-macos-x86_64 0.1.1 19.00 NOTE
r-release-windows-x86_64 0.1.1 6.00 39.00 45.00 NOTE
r-oldrel-macos-arm64 0.1.1 13.00 NOTE
r-oldrel-macos-x86_64 0.1.1 20.00 NOTE
r-oldrel-windows-x86_64 0.1.1 4.00 43.00 47.00 NOTE

Check Details

Version: 0.1.1
Check: LazyData
Result: NOTE
     'LazyData' is specified without a 'data' directory
Flavors: r-devel-linux-x86_64-debian-clang, r-devel-linux-x86_64-debian-gcc, r-devel-linux-x86_64-fedora-clang, r-devel-linux-x86_64-fedora-gcc, r-devel-windows-x86_64, r-patched-linux-x86_64, r-release-linux-x86_64, r-release-macos-arm64, r-release-macos-x86_64, r-release-windows-x86_64, r-oldrel-macos-arm64, r-oldrel-macos-x86_64, r-oldrel-windows-x86_64