Last updated on 2023-06-09 00:54:38 CEST.
Flavor | Version | Tinstall | Tcheck | Ttotal | Status | Flags |
---|---|---|---|---|---|---|
r-devel-linux-x86_64-debian-clang | 1.4.0 | 9.68 | 99.23 | 108.91 | NOTE | |
r-devel-linux-x86_64-debian-gcc | 1.4.0 | 10.03 | 76.38 | 86.41 | NOTE | |
r-devel-linux-x86_64-fedora-clang | 1.4.0 | 137.49 | NOTE | |||
r-devel-linux-x86_64-fedora-gcc | 1.4.0 | 134.00 | NOTE | |||
r-devel-windows-x86_64 | 1.4.0 | 11.00 | 99.00 | 110.00 | NOTE | |
r-patched-linux-x86_64 | 1.4.0 | 10.36 | 95.61 | 105.97 | NOTE | |
r-release-linux-x86_64 | 1.4.0 | 12.07 | 94.21 | 106.28 | NOTE | |
r-release-macos-arm64 | 1.4.0 | 43.00 | NOTE | |||
r-release-macos-x86_64 | 1.4.0 | 70.00 | NOTE | |||
r-release-windows-x86_64 | 1.4.0 | 13.00 | 113.00 | 126.00 | NOTE | |
r-oldrel-macos-arm64 | 1.4.0 | 37.00 | NOTE | |||
r-oldrel-macos-x86_64 | 1.4.0 | 54.00 | NOTE | |||
r-oldrel-windows-x86_64 | 1.4.0 | 14.00 | 118.00 | 132.00 | NOTE |
Version: 1.4.0
Check: LazyData
Result: NOTE
'LazyData' is specified without a 'data' directory
Flavors: r-devel-linux-x86_64-debian-clang, r-devel-linux-x86_64-debian-gcc, r-devel-linux-x86_64-fedora-clang, r-devel-linux-x86_64-fedora-gcc, r-devel-windows-x86_64, r-patched-linux-x86_64, r-release-linux-x86_64, r-release-macos-arm64, r-release-macos-x86_64, r-release-windows-x86_64, r-oldrel-macos-arm64, r-oldrel-macos-x86_64, r-oldrel-windows-x86_64