CRAN Package Check Results for Package vegtable

Last updated on 2021-06-20 23:50:05 CEST.

Flavor Version Tinstall Tcheck Ttotal Status Flags
r-devel-linux-x86_64-debian-clang 0.1.6 27.26 188.76 216.02 OK
r-devel-linux-x86_64-debian-gcc 0.1.6 23.48 140.37 163.85 OK
r-devel-linux-x86_64-fedora-clang 0.1.6 269.42 NOTE
r-devel-linux-x86_64-fedora-gcc 0.1.6 201.39 NOTE
r-devel-windows-x86_64 0.1.6 44.00 221.00 265.00 OK
r-devel-windows-x86_64-gcc10-UCRT 0.1.6 ERROR
r-patched-linux-x86_64 0.1.6 32.73 176.29 209.02 OK
r-patched-solaris-x86 0.1.6 356.90 NOTE
r-release-linux-x86_64 0.1.6 27.81 183.66 211.47 OK
r-release-macos-arm64 0.1.6 ERROR
r-release-macos-x86_64 0.1.6 NOTE
r-release-windows-ix86+x86_64 0.1.6 60.00 217.00 277.00 OK
r-oldrel-macos-x86_64 0.1.6 NOTE

Check Details

Version: 0.1.6
Check: Rd cross-references
Result: NOTE
    Undeclared package ‘stringdist’ in Rd xrefs
Flavor: r-devel-linux-x86_64-fedora-clang

Version: 0.1.6
Check: data for non-ASCII characters
Result: NOTE
     Note: found 128 marked UTF-8 strings
Flavors: r-devel-linux-x86_64-fedora-clang, r-devel-linux-x86_64-fedora-gcc, r-patched-solaris-x86, r-release-macos-x86_64, r-oldrel-macos-x86_64

Version: 0.1.6
Check: package dependencies
Result: ERROR
    Package required but not available: 'taxlist'
    
    Package suggested but not available for checking: 'devtools'
    
    See section 'The DESCRIPTION file' in the 'Writing R Extensions'
    manual.
Flavor: r-devel-windows-x86_64-gcc10-UCRT

Version: 0.1.6
Check: package dependencies
Result: ERROR
    Package required but not available: ‘plotKML’
    
    See section ‘The DESCRIPTION file’ in the ‘Writing R Extensions’
    manual.
Flavor: r-release-macos-arm64