CRAN Package Check Results for Package vcr

Last updated on 2021-09-23 23:50:24 CEST.

Flavor Version Tinstall Tcheck Ttotal Status Flags
r-devel-linux-x86_64-debian-clang 1.0.2 28.40 66.20 94.60 OK
r-devel-linux-x86_64-debian-gcc 1.0.2 23.09 51.65 74.74 OK
r-devel-linux-x86_64-fedora-clang 1.0.2 113.77 NOTE
r-devel-linux-x86_64-fedora-gcc 1.0.2 119.64 OK
r-devel-windows-x86_64 1.0.2 31.00 88.00 119.00 NOTE
r-devel-windows-x86_64-gcc10-UCRT 1.0.2 OK
r-patched-linux-x86_64 1.0.2 28.32 73.24 101.56 OK
r-patched-solaris-x86 1.0.2 139.40 NOTE
r-release-linux-x86_64 1.0.2 30.11 73.98 104.09 OK
r-release-macos-arm64 1.0.2 NOTE
r-release-macos-x86_64 1.0.2 NOTE
r-release-windows-ix86+x86_64 1.0.2 48.00 109.00 157.00 NOTE
r-oldrel-macos-x86_64 1.0.2 NOTE
r-oldrel-windows-ix86+x86_64 1.0.2 36.00 113.00 149.00 NOTE

Check Details

Version: 1.0.2
Check: installed package size
Result: NOTE
     installed size is 8.5Mb
     sub-directories of 1Mb or more:
     doc 7.2Mb
Flavors: r-devel-linux-x86_64-fedora-clang, r-devel-windows-x86_64, r-patched-solaris-x86, r-release-macos-arm64, r-release-macos-x86_64, r-release-windows-ix86+x86_64, r-oldrel-macos-x86_64, r-oldrel-windows-ix86+x86_64