CRAN Package Check Results for Package vcmeta

Last updated on 2022-12-02 23:50:43 CET.

Flavor Version Tinstall Tcheck Ttotal Status Flags
r-devel-linux-x86_64-debian-clang 1.1.0 12.07 102.92 114.99 OK
r-devel-linux-x86_64-debian-gcc 1.1.0 8.42 75.43 83.85 OK
r-devel-linux-x86_64-fedora-clang 1.1.0 153.04 NOTE
r-devel-linux-x86_64-fedora-gcc 1.1.0 147.48 NOTE
r-devel-windows-x86_64 1.1.0 46.00 153.00 199.00 OK
r-patched-linux-x86_64 1.1.0 12.23 91.00 103.23 OK
r-release-linux-x86_64 1.1.0 11.02 91.71 102.73 OK
r-release-macos-arm64 1.1.0 37.00 NOTE
r-release-macos-x86_64 1.1.0 53.00 NOTE
r-release-windows-x86_64 1.1.0 46.00 138.00 184.00 OK
r-oldrel-macos-arm64 1.1.0 31.00 NOTE
r-oldrel-macos-x86_64 1.1.0 52.00 NOTE
r-oldrel-windows-ix86+x86_64 1.1.0 26.00 125.00 151.00 OK

Check Details

Version: 1.1.0
Check: dependencies in R code
Result: NOTE
    Namespace in Imports field not imported from: ‘mathjaxr’
     All declared Imports should be used.
Flavors: r-devel-linux-x86_64-fedora-clang, r-devel-linux-x86_64-fedora-gcc, r-release-macos-arm64, r-release-macos-x86_64, r-oldrel-macos-arm64, r-oldrel-macos-x86_64