CRAN Package Check Results for Package vcdExtra

Last updated on 2021-09-26 23:49:55 CEST.

Flavor Version Tinstall Tcheck Ttotal Status Flags
r-devel-linux-x86_64-debian-clang 0.7-5 10.72 146.78 157.50 OK
r-devel-linux-x86_64-debian-gcc 0.7-5 8.76 109.47 118.23 OK
r-devel-linux-x86_64-fedora-clang 0.7-5 205.48 NOTE
r-devel-linux-x86_64-fedora-gcc 0.7-5 181.93 OK
r-devel-windows-x86_64 0.7-5 11.00 141.00 152.00 OK
r-devel-windows-x86_64-gcc10-UCRT 0.7-5 OK
r-patched-linux-x86_64 0.7-5 12.85 138.02 150.87 OK
r-patched-solaris-x86 0.7-5 232.60 OK
r-release-linux-x86_64 0.7-5 10.02 138.91 148.93 OK
r-release-macos-arm64 0.7-5 OK
r-release-macos-x86_64 0.7-5 OK
r-release-windows-ix86+x86_64 0.7-5 22.00 144.00 166.00 OK
r-oldrel-macos-x86_64 0.7-5 OK
r-oldrel-windows-ix86+x86_64 0.7-5 15.00 147.00 162.00 OK

Check Details

Version: 0.7-5
Check: Rd cross-references
Result: NOTE
    Undeclared packages ‘coin’, ‘Hmisc’ in Rd xrefs
Flavor: r-devel-linux-x86_64-fedora-clang