CRAN Package Check Results for Package vasicekreg

Last updated on 2024-06-17 00:50:14 CEST.

Flavor Version Tinstall Tcheck Ttotal Status Flags
r-devel-linux-x86_64-debian-clang 1.0.1 31.20 78.12 109.32 NOTE
r-devel-linux-x86_64-debian-gcc 1.0.1 25.52 59.40 84.92 NOTE
r-devel-linux-x86_64-fedora-clang 1.0.1 159.83 NOTE
r-devel-linux-x86_64-fedora-gcc 1.0.1 150.10 NOTE
r-devel-windows-x86_64 1.0.1 29.00 90.00 119.00 NOTE
r-patched-linux-x86_64 1.0.1 25.68 75.26 100.94 NOTE
r-release-linux-x86_64 1.0.1 23.80 77.15 100.95 NOTE
r-release-macos-arm64 1.0.1 40.00 NOTE
r-release-macos-x86_64 1.0.1 58.00 NOTE
r-release-windows-x86_64 1.0.1 31.00 90.00 121.00 NOTE
r-oldrel-macos-arm64 1.0.1 46.00 NOTE
r-oldrel-macos-x86_64 1.0.1 75.00 NOTE
r-oldrel-windows-x86_64 1.0.1 37.00 112.00 149.00 NOTE

Check Details

Version: 1.0.1
Check: package subdirectories
Result: NOTE Problems with news in ‘NEWS.md’: No news entries found. Flavors: r-devel-linux-x86_64-debian-clang, r-devel-linux-x86_64-debian-gcc, r-devel-linux-x86_64-fedora-clang, r-devel-linux-x86_64-fedora-gcc, r-devel-windows-x86_64, r-patched-linux-x86_64, r-release-linux-x86_64, r-release-macos-arm64, r-release-macos-x86_64, r-release-windows-x86_64, r-oldrel-macos-arm64, r-oldrel-macos-x86_64, r-oldrel-windows-x86_64