CRAN Package Check Results for Package varsExplore

Last updated on 2021-10-19 23:53:14 CEST.

Flavor Version Tinstall Tcheck Ttotal Status Flags
r-devel-linux-x86_64-debian-clang 0.3.0 2.71 30.70 33.41 NOTE
r-devel-linux-x86_64-debian-gcc 0.3.0 2.08 23.37 25.45 NOTE
r-devel-linux-x86_64-fedora-clang 0.3.0 49.73 NOTE
r-devel-linux-x86_64-fedora-gcc 0.3.0 39.32 NOTE
r-devel-windows-x86_64 0.3.0 6.00 45.00 51.00 NOTE
r-devel-windows-x86_64-gcc10-UCRT 0.3.0 NOTE
r-patched-linux-x86_64 0.3.0 2.59 28.72 31.31 NOTE
r-patched-solaris-x86 0.3.0 54.40 NOTE
r-release-linux-x86_64 0.3.0 2.47 29.43 31.90 NOTE
r-release-macos-arm64 0.3.0 NOTE
r-release-macos-x86_64 0.3.0 NOTE
r-release-windows-ix86+x86_64 0.3.0 7.00 61.00 68.00 NOTE
r-oldrel-macos-x86_64 0.3.0 WARN
r-oldrel-windows-ix86+x86_64 0.3.0 7.00 51.00 58.00 OK

Check Details

Version: 0.3.0
Check: LazyData
Result: NOTE
     'LazyData' is specified without a 'data' directory
Flavors: r-devel-linux-x86_64-debian-clang, r-devel-linux-x86_64-debian-gcc, r-devel-linux-x86_64-fedora-clang, r-devel-linux-x86_64-fedora-gcc, r-devel-windows-x86_64, r-devel-windows-x86_64-gcc10-UCRT, r-patched-linux-x86_64, r-patched-solaris-x86, r-release-linux-x86_64, r-release-macos-arm64, r-release-macos-x86_64, r-release-windows-ix86+x86_64

Version: 0.3.0
Check: dependencies in R code
Result: NOTE
    Namespace in Imports field not imported from: ‘rio’
     All declared Imports should be used.
Flavors: r-devel-linux-x86_64-fedora-clang, r-devel-linux-x86_64-fedora-gcc, r-devel-windows-x86_64-gcc10-UCRT, r-patched-solaris-x86, r-release-macos-arm64, r-release-macos-x86_64, r-oldrel-macos-x86_64

Version: 0.3.0
Check: re-building of vignette outputs
Result: WARN
    Error(s) in re-building vignettes:
    --- re-building ‘basic_usage.Rmd’ using rmarkdown
    Warning in engine$weave(file, quiet = quiet, encoding = enc) :
     Pandoc (>= 1.12.3) and/or pandoc-citeproc not available. Falling back to R Markdown v1.
    
    Attaching package: 'dplyr'
    
    The following objects are masked from 'package:stats':
    
     filter, lag
    
    The following objects are masked from 'package:base':
    
     intersect, setdiff, setequal, union
    
    PhantomJS not found. You can install it with webshot::install_phantomjs(). If it is installed, please make sure the phantomjs executable can be found via the PATH variable.
    Warning in normalizePath(f2) :
     path[1]="webshot15cf2fe0b0f4.png": No such file or directory
    Warning in file(con, "rb") :
     cannot open file 'webshot15cf2fe0b0f4.png': No such file or directory
    Quitting from lines 54-55 (basic_usage.Rmd)
    Error: processing vignette 'basic_usage.Rmd' failed with diagnostics:
    cannot open the connection
    --- failed re-building ‘basic_usage.Rmd’
    
    SUMMARY: processing the following file failed:
     ‘basic_usage.Rmd’
    
    Error: Vignette re-building failed.
    Execution halted
Flavor: r-oldrel-macos-x86_64