CRAN Package Check Results for Package varjmcm

Last updated on 2021-09-15 23:50:02 CEST.

Flavor Version Tinstall Tcheck Ttotal Status Flags
r-devel-linux-x86_64-debian-clang 0.1.1 7.72 68.94 76.66 NOTE
r-devel-linux-x86_64-debian-gcc 0.1.1 7.18 52.31 59.49 NOTE
r-devel-linux-x86_64-fedora-clang 0.1.1 99.68 NOTE
r-devel-linux-x86_64-fedora-gcc 0.1.1 87.94 NOTE
r-devel-windows-x86_64 0.1.1 9.00 86.00 95.00 NOTE
r-devel-windows-x86_64-gcc10-UCRT 0.1.1 NOTE
r-patched-linux-x86_64 0.1.1 7.66 66.09 73.75 NOTE
r-patched-solaris-x86 0.1.1 137.60 NOTE
r-release-linux-x86_64 0.1.1 6.89 65.73 72.62 NOTE
r-release-macos-arm64 0.1.1 NOTE
r-release-macos-x86_64 0.1.1 NOTE
r-release-windows-ix86+x86_64 0.1.1 17.00 70.00 87.00 NOTE
r-oldrel-macos-x86_64 0.1.1 OK
r-oldrel-windows-ix86+x86_64 0.1.1 13.00 87.00 100.00 OK

Check Details

Version: 0.1.1
Check: LazyData
Result: NOTE
     'LazyData' is specified without a 'data' directory
Flavors: r-devel-linux-x86_64-debian-clang, r-devel-linux-x86_64-debian-gcc, r-devel-linux-x86_64-fedora-clang, r-devel-linux-x86_64-fedora-gcc, r-devel-windows-x86_64, r-devel-windows-x86_64-gcc10-UCRT, r-patched-linux-x86_64, r-patched-solaris-x86, r-release-linux-x86_64, r-release-macos-arm64, r-release-macos-x86_64, r-release-windows-ix86+x86_64