CRAN Package Check Results for Package vardpoor

Last updated on 2023-06-02 01:00:42 CEST.

Flavor Version Tinstall Tcheck Ttotal Status Flags
r-devel-linux-x86_64-debian-clang 0.20.1 14.62 116.19 130.81 NOTE
r-devel-linux-x86_64-debian-gcc 0.20.1 12.17 84.70 96.87 NOTE
r-devel-linux-x86_64-fedora-clang 0.20.1 149.38 NOTE
r-devel-linux-x86_64-fedora-gcc 0.20.1 140.01 NOTE
r-devel-windows-x86_64 0.20.1 13.00 89.00 102.00 NOTE
r-patched-linux-x86_64 0.20.1 NOTE
r-release-linux-x86_64 0.20.1 13.58 102.81 116.39 NOTE
r-release-macos-arm64 0.20.1 38.00 NOTE
r-release-macos-x86_64 0.20.1 68.00 NOTE
r-release-windows-x86_64 0.20.1 17.00 102.00 119.00 NOTE
r-oldrel-macos-arm64 0.20.1 34.00 NOTE
r-oldrel-macos-x86_64 0.20.1 46.00 NOTE
r-oldrel-windows-x86_64 0.20.1 17.00 94.00 111.00 NOTE

Check Details

Version: 0.20.1
Check: package subdirectories
Result: NOTE
    Problems with news in ‘NEWS.md’:
    No news entries found.
Flavors: r-devel-linux-x86_64-debian-clang, r-devel-linux-x86_64-debian-gcc, r-devel-linux-x86_64-fedora-clang, r-devel-linux-x86_64-fedora-gcc, r-devel-windows-x86_64, r-patched-linux-x86_64, r-release-linux-x86_64, r-release-macos-arm64, r-release-macos-x86_64, r-release-windows-x86_64

Version: 0.20.1
Check: LazyData
Result: NOTE
     'LazyData' is specified without a 'data' directory
Flavors: r-devel-linux-x86_64-debian-clang, r-devel-linux-x86_64-debian-gcc, r-devel-linux-x86_64-fedora-clang, r-devel-linux-x86_64-fedora-gcc, r-devel-windows-x86_64, r-patched-linux-x86_64, r-release-linux-x86_64, r-release-macos-arm64, r-release-macos-x86_64, r-release-windows-x86_64, r-oldrel-macos-arm64, r-oldrel-macos-x86_64, r-oldrel-windows-x86_64