CRAN Package Check Results for Package varband

Last updated on 2024-06-20 00:59:50 CEST.

Flavor Version Tinstall Tcheck Ttotal Status Flags
r-devel-linux-x86_64-debian-clang 0.9.0 39.47 63.66 103.13 NOTE
r-devel-linux-x86_64-debian-gcc 0.9.0 27.29 49.94 77.23 NOTE
r-devel-linux-x86_64-fedora-clang 0.9.0 144.52 NOTE
r-devel-linux-x86_64-fedora-gcc 0.9.0 152.11 NOTE
r-devel-windows-x86_64 0.9.0 30.00 88.00 118.00 NOTE
r-patched-linux-x86_64 0.9.0 33.26 64.66 97.92 NOTE
r-release-linux-x86_64 0.9.0 30.39 63.26 93.65 NOTE
r-release-macos-arm64 0.9.0 43.00 NOTE
r-release-macos-x86_64 0.9.0 59.00 NOTE
r-release-windows-x86_64 0.9.0 29.00 89.00 118.00 NOTE
r-oldrel-macos-arm64 0.9.0 47.00 NOTE
r-oldrel-macos-x86_64 0.9.0 75.00 NOTE
r-oldrel-windows-x86_64 0.9.0 38.00 105.00 143.00 NOTE

Check Details

Version: 0.9.0
Check: Rd files
Result: NOTE checkRd: (-1) sample_gen.Rd:18: Lost braces; missing escapes or markup? 18 | Generate \code{n} random samples from multivariate Gaussian distribution N(0, (L^TL)^{-1}) | ^ Flavors: r-devel-linux-x86_64-debian-clang, r-devel-linux-x86_64-debian-gcc, r-devel-linux-x86_64-fedora-clang, r-devel-linux-x86_64-fedora-gcc, r-devel-windows-x86_64, r-patched-linux-x86_64, r-release-linux-x86_64, r-release-macos-arm64, r-release-macos-x86_64, r-release-windows-x86_64

Version: 0.9.0
Check: LazyData
Result: NOTE 'LazyData' is specified without a 'data' directory Flavors: r-devel-linux-x86_64-debian-clang, r-devel-linux-x86_64-debian-gcc, r-devel-linux-x86_64-fedora-clang, r-devel-linux-x86_64-fedora-gcc, r-devel-windows-x86_64, r-patched-linux-x86_64, r-release-linux-x86_64, r-release-macos-arm64, r-release-macos-x86_64, r-release-windows-x86_64, r-oldrel-macos-arm64, r-oldrel-macos-x86_64, r-oldrel-windows-x86_64

Version: 0.9.0
Check: compiled code
Result: NOTE File ‘varband/libs/varband.so’: Found no calls to: ‘R_registerRoutines’, ‘R_useDynamicSymbols’ It is good practice to register native routines and to disable symbol search. See ‘Writing portable packages’ in the ‘Writing R Extensions’ manual. Flavors: r-devel-linux-x86_64-fedora-clang, r-devel-linux-x86_64-fedora-gcc