CRAN Package Check Results for Package vannstats

Last updated on 2021-09-23 23:50:24 CEST.

Flavor Version Tinstall Tcheck Ttotal Status Flags
r-devel-linux-x86_64-debian-clang 1.0.7.15 6.83 54.64 61.47 OK
r-devel-linux-x86_64-debian-gcc 1.0.7.15 5.64 40.93 46.57 OK
r-devel-linux-x86_64-fedora-clang 1.0.7.15 80.74 NOTE
r-devel-linux-x86_64-fedora-gcc 1.0.7.15 69.41 NOTE
r-devel-windows-x86_64 1.0.7.15 11.00 56.00 67.00 OK
r-devel-windows-x86_64-gcc10-UCRT 1.0.7.15 NOTE
r-patched-linux-x86_64 1.0.7.15 7.01 50.88 57.89 OK
r-patched-solaris-x86 1.0.7.15 103.40 NOTE
r-release-linux-x86_64 1.0.7.15 6.99 50.91 57.90 OK
r-release-macos-arm64 1.0.7.15 NOTE
r-release-macos-x86_64 1.0.7.15 NOTE
r-release-windows-ix86+x86_64 1.0.7.15 19.00 56.00 75.00 OK
r-oldrel-macos-x86_64 1.0.7.15 NOTE
r-oldrel-windows-ix86+x86_64 1.0.7.15 14.00 55.00 69.00 OK

Check Details

Version: 1.0.7.15
Check: dependencies in R code
Result: NOTE
    Namespaces in Imports field not imported from:
     ‘MASS’ ‘car’ ‘rlang’ ‘tidyverse’
     All declared Imports should be used.
Flavors: r-devel-linux-x86_64-fedora-clang, r-devel-linux-x86_64-fedora-gcc, r-devel-windows-x86_64-gcc10-UCRT, r-patched-solaris-x86, r-release-macos-arm64, r-release-macos-x86_64, r-oldrel-macos-x86_64