CRAN Package Check Results for Package validatetools

Last updated on 2022-01-17 23:51:40 CET.

Flavor Version Tinstall Tcheck Ttotal Status Flags
r-devel-linux-x86_64-debian-clang 0.5.0 5.21 63.15 68.36 NOTE
r-devel-linux-x86_64-debian-gcc 0.5.0 3.55 48.42 51.97 NOTE
r-devel-linux-x86_64-fedora-clang 0.5.0 83.17 NOTE
r-devel-linux-x86_64-fedora-gcc 0.5.0 72.16 NOTE
r-devel-windows-x86_64-new-UL 0.5.0 158.00 84.00 242.00 NOTE
r-devel-windows-x86_64-new-TK 0.5.0 NOTE
r-patched-linux-x86_64 0.5.0 5.61 61.08 66.69 NOTE
r-release-linux-x86_64 0.5.0 NOTE
r-release-macos-arm64 0.5.0 NOTE
r-release-macos-x86_64 0.5.0 NOTE
r-release-windows-ix86+x86_64 0.5.0 12.00 77.00 89.00 NOTE
r-oldrel-macos-x86_64 0.5.0 OK
r-oldrel-windows-ix86+x86_64 0.5.0 12.00 77.00 89.00 OK

Check Details

Version: 0.5.0
Check: LazyData
Result: NOTE
     'LazyData' is specified without a 'data' directory
Flavors: r-devel-linux-x86_64-debian-clang, r-devel-linux-x86_64-debian-gcc, r-devel-linux-x86_64-fedora-clang, r-devel-linux-x86_64-fedora-gcc, r-devel-windows-x86_64-new-UL, r-devel-windows-x86_64-new-TK, r-patched-linux-x86_64, r-release-linux-x86_64, r-release-macos-arm64, r-release-macos-x86_64, r-release-windows-ix86+x86_64