CRAN Package Check Results for Package vICC

Last updated on 2021-10-19 23:53:14 CEST.

Flavor Version Tinstall Tcheck Ttotal Status Flags
r-devel-linux-x86_64-debian-clang 1.0.0 5.75 53.25 59.00 OK
r-devel-linux-x86_64-debian-gcc 1.0.0 4.54 40.09 44.63 OK
r-devel-linux-x86_64-fedora-clang 1.0.0 78.83 NOTE
r-devel-linux-x86_64-fedora-gcc 1.0.0 65.83 NOTE
r-devel-windows-x86_64 1.0.0 11.00 61.00 72.00 OK
r-devel-windows-x86_64-gcc10-UCRT 1.0.0 NOTE
r-patched-linux-x86_64 1.0.0 5.63 48.83 54.46 OK
r-patched-solaris-x86 1.0.0 105.30 NOTE
r-release-linux-x86_64 1.0.0 5.51 49.55 55.06 OK
r-release-macos-arm64 1.0.0 NOTE
r-release-macos-x86_64 1.0.0 NOTE
r-release-windows-ix86+x86_64 1.0.0 14.00 75.00 89.00 OK
r-oldrel-macos-x86_64 1.0.0 NOTE
r-oldrel-windows-ix86+x86_64 1.0.0 15.00 77.00 92.00 OK

Check Details

Version: 1.0.0
Check: dependencies in R code
Result: NOTE
    Namespace in Imports field not imported from: ‘Rdpack’
     All declared Imports should be used.
Flavors: r-devel-linux-x86_64-fedora-clang, r-devel-linux-x86_64-fedora-gcc, r-devel-windows-x86_64-gcc10-UCRT, r-patched-solaris-x86, r-release-macos-arm64, r-release-macos-x86_64, r-oldrel-macos-x86_64