CRAN Package Check Results for Package uwo4419

Last updated on 2022-01-25 23:50:42 CET.

Flavor Version Tinstall Tcheck Ttotal Status Flags
r-devel-linux-x86_64-debian-clang 0.3.0 12.85 120.30 133.15 OK
r-devel-linux-x86_64-debian-gcc 0.3.0 10.52 91.06 101.58 OK
r-devel-linux-x86_64-fedora-clang 0.3.0 150.32 NOTE
r-devel-linux-x86_64-fedora-gcc 0.3.0 146.47 NOTE
r-devel-windows-x86_64-new-UL 0.3.0 33.00 142.00 175.00 OK
r-devel-windows-x86_64-new-TK 0.3.0 NOTE
r-patched-linux-x86_64 0.3.0 12.71 106.88 119.59 OK
r-release-linux-x86_64 0.3.0 8.12 106.70 114.82 OK
r-release-macos-arm64 0.3.0 NOTE
r-release-macos-x86_64 0.3.0 NOTE
r-release-windows-ix86+x86_64 0.3.0 28.00 126.00 154.00 OK
r-oldrel-macos-x86_64 0.3.0 NOTE
r-oldrel-windows-ix86+x86_64 0.3.0 28.00 135.00 163.00 OK

Check Details

Version: 0.3.0
Check: dependencies in R code
Result: NOTE
    Namespace in Imports field not imported from: ‘rio’
     All declared Imports should be used.
Flavors: r-devel-linux-x86_64-fedora-clang, r-devel-linux-x86_64-fedora-gcc, r-devel-windows-x86_64-new-TK, r-release-macos-arm64, r-release-macos-x86_64, r-oldrel-macos-x86_64