CRAN Package Check Results for Package uuid

Last updated on 2021-10-24 23:52:06 CEST.

Flavor Version Tinstall Tcheck Ttotal Status Flags
r-devel-linux-x86_64-debian-clang 0.1-4 7.04 20.04 27.08 WARN
r-devel-linux-x86_64-debian-gcc 0.1-4 4.32 15.85 20.17 WARN
r-devel-linux-x86_64-fedora-clang 0.1-4 43.85 WARN
r-devel-linux-x86_64-fedora-gcc 0.1-4 33.08 WARN
r-devel-windows-x86_64 0.1-4 12.00 28.00 40.00 OK
r-devel-windows-x86_64-gcc10-UCRT 0.1-4 OK
r-patched-linux-x86_64 0.1-4 5.16 19.76 24.92 WARN
r-patched-solaris-x86 0.1-4 54.40 OK
r-release-linux-x86_64 0.1-4 4.90 19.48 24.38 WARN
r-release-macos-arm64 0.1-4 OK
r-release-macos-x86_64 0.1-4 OK
r-release-windows-ix86+x86_64 0.1-4 21.00 31.00 52.00 OK
r-oldrel-macos-x86_64 0.1-4 OK
r-oldrel-windows-ix86+x86_64 0.1-4 17.00 29.00 46.00 OK

Additional issues

clang-UBSAN gcc-UBSAN

Check Details

Version: 0.1-4
Check: top-level files
Result: WARN
     Output from running autoreconf:
     configure.ac:4: warning: The macro `AC_CONFIG_HEADER' is obsolete.
     configure.ac:4: You should run autoupdate.
     ./lib/autoconf/status.m4:719: AC_CONFIG_HEADER is expanded from...
     configure.ac:4: the top level
Flavors: r-devel-linux-x86_64-debian-clang, r-devel-linux-x86_64-debian-gcc, r-patched-linux-x86_64, r-release-linux-x86_64

Version: 0.1-4
Check: top-level files
Result: WARN
     Output from running autoreconf:
     configure.ac:4: warning: The macro `AC_CONFIG_HEADER' is obsolete.
     configure.ac:4: You should run autoupdate.
     ./lib/autoconf/status.m4:719: AC_CONFIG_HEADER is expanded from...
     configure.ac:4: the top level
     configure.ac:4: warning: The macro `AC_CONFIG_HEADER' is obsolete.
     configure.ac:4: You should run autoupdate.
     ./lib/autoconf/status.m4:719: AC_CONFIG_HEADER is expanded from...
     configure.ac:4: the top level
Flavors: r-devel-linux-x86_64-fedora-clang, r-devel-linux-x86_64-fedora-gcc

Version: 0.1-4
Check: compiled code
Result: NOTE
    File ‘uuid/libs/uuid.so’:
     Found no calls to: ‘R_registerRoutines’, ‘R_useDynamicSymbols’
    
    It is good practice to register native routines and to disable symbol
    search.
    
    See ‘Writing portable packages’ in the ‘Writing R Extensions’ manual.
Flavors: r-devel-linux-x86_64-fedora-clang, r-devel-linux-x86_64-fedora-gcc