CRAN Package Check Results for Package urltools

Last updated on 2022-05-22 23:51:58 CEST.

Flavor Version Tinstall Tcheck Ttotal Status Flags
r-devel-linux-x86_64-debian-clang 1.7.3 73.79 45.42 119.21 OK
r-devel-linux-x86_64-debian-gcc 1.7.3 57.05 36.05 93.10 OK
r-devel-linux-x86_64-fedora-clang 1.7.3 173.16 NOTE
r-devel-linux-x86_64-fedora-gcc 1.7.3 143.70 NOTE
r-devel-windows-x86_64 1.7.3 94.00 87.00 181.00 OK
r-patched-linux-x86_64 1.7.3 62.44 44.09 106.53 OK
r-release-linux-x86_64 1.7.3 64.02 44.21 108.23 OK
r-release-macos-arm64 1.7.3 44.00 NOTE
r-release-macos-x86_64 1.7.3 62.00 NOTE
r-release-windows-x86_64 1.7.3 87.00 95.00 182.00 OK
r-oldrel-macos-arm64 1.7.3 51.00 NOTE
r-oldrel-macos-x86_64 1.7.3 80.00 NOTE
r-oldrel-windows-ix86+x86_64 1.7.3 179.00 92.00 271.00 OK

Check Details

Version: 1.7.3
Check: Rd cross-references
Result: NOTE
    Undeclared package ‘httr’ in Rd xrefs
Flavor: r-devel-linux-x86_64-fedora-clang

Version: 1.7.3
Check: data for non-ASCII characters
Result: NOTE
     Note: found 488 marked UTF-8 strings
Flavors: r-devel-linux-x86_64-fedora-clang, r-devel-linux-x86_64-fedora-gcc, r-release-macos-arm64, r-release-macos-x86_64, r-oldrel-macos-arm64, r-oldrel-macos-x86_64