CRAN Package Check Results for Package upstartr

Last updated on 2021-10-18 23:49:50 CEST.

Flavor Version Tinstall Tcheck Ttotal Status Flags
r-devel-linux-x86_64-debian-clang 0.1.1 9.34 86.83 96.17 NOTE
r-devel-linux-x86_64-debian-gcc 0.1.1 8.23 64.96 73.19 NOTE
r-devel-linux-x86_64-fedora-clang 0.1.1 126.07 NOTE
r-devel-linux-x86_64-fedora-gcc 0.1.1 111.17 NOTE
r-devel-windows-x86_64 0.1.1 16.00 94.00 110.00 NOTE
r-devel-windows-x86_64-gcc10-UCRT 0.1.1 NOTE
r-patched-linux-x86_64 0.1.1 9.01 81.74 90.75 NOTE
r-patched-solaris-x86 0.1.1 166.50 NOTE
r-release-linux-x86_64 0.1.1 7.83 81.93 89.76 NOTE
r-release-macos-arm64 0.1.1 NOTE
r-release-macos-x86_64 0.1.1 NOTE
r-release-windows-ix86+x86_64 0.1.1 25.00 111.00 136.00 NOTE
r-oldrel-macos-x86_64 0.1.1 OK
r-oldrel-windows-ix86+x86_64 0.1.1 25.00 118.00 143.00 OK

Check Details

Version: 0.1.1
Check: LazyData
Result: NOTE
     'LazyData' is specified without a 'data' directory
Flavors: r-devel-linux-x86_64-debian-clang, r-devel-linux-x86_64-debian-gcc, r-devel-linux-x86_64-fedora-clang, r-devel-linux-x86_64-fedora-gcc, r-devel-windows-x86_64, r-devel-windows-x86_64-gcc10-UCRT, r-patched-linux-x86_64, r-patched-solaris-x86, r-release-linux-x86_64, r-release-macos-arm64, r-release-macos-x86_64, r-release-windows-ix86+x86_64