Last updated on 2023-01-28 23:51:54 CET.
Flavor | Version | Tinstall | Tcheck | Ttotal | Status | Flags |
---|---|---|---|---|---|---|
r-devel-linux-x86_64-debian-clang | 2.1.3 | 116.06 | 152.44 | 268.50 | OK | |
r-devel-linux-x86_64-debian-gcc | 2.1.3 | 93.73 | 111.36 | 205.09 | NOTE | |
r-devel-linux-x86_64-fedora-clang | 2.1.3 | 380.09 | NOTE | |||
r-devel-linux-x86_64-fedora-gcc | 2.1.3 | 354.58 | NOTE | |||
r-patched-linux-x86_64 | 2.1.3 | 112.62 | 143.20 | 255.82 | OK | |
r-release-linux-x86_64 | 2.1.3 | 104.49 | 138.39 | 242.88 | OK | |
r-release-macos-arm64 | 2.1.3 | 97.00 | OK | |||
r-release-macos-x86_64 | 2.1.3 | 123.00 | OK | |||
r-release-windows-x86_64 | 2.1.3 | 444.00 | 214.00 | 658.00 | OK | |
r-oldrel-macos-arm64 | 2.1.3 | 100.00 | OK | |||
r-oldrel-macos-x86_64 | 2.1.3 | 128.00 | OK | |||
r-oldrel-windows-ix86+x86_64 | 2.1.3 | 306.00 | 246.00 | 552.00 | OK |
Version: 2.1.3
Check: C++ specification
Result: NOTE
Specified C++11: please update to current default of C++17
Flavors: r-devel-linux-x86_64-debian-gcc, r-devel-linux-x86_64-fedora-clang, r-devel-linux-x86_64-fedora-gcc