CRAN Package Check Results for Package unmarked

Last updated on 2021-10-15 23:50:47 CEST.

Flavor Version Tinstall Tcheck Ttotal Status Flags
r-devel-linux-x86_64-debian-clang 1.1.1 443.88 397.09 840.97 NOTE
r-devel-linux-x86_64-debian-gcc 1.1.1 343.12 321.84 664.96 NOTE
r-devel-linux-x86_64-fedora-clang 1.1.1 1042.32 NOTE
r-devel-linux-x86_64-fedora-gcc 1.1.1 942.19 NOTE
r-devel-windows-x86_64 1.1.1 474.00 250.00 724.00 NOTE
r-devel-windows-x86_64-gcc10-UCRT 1.1.1 NOTE
r-patched-linux-x86_64 1.1.1 397.07 433.33 830.40 NOTE
r-patched-solaris-x86 1.1.1 864.60 NOTE
r-release-linux-x86_64 1.1.1 385.63 431.59 817.22 NOTE
r-release-macos-arm64 1.1.1 NOTE
r-release-macos-x86_64 1.1.1 NOTE
r-release-windows-ix86+x86_64 1.1.1 1095.00 474.00 1569.00 NOTE
r-oldrel-macos-x86_64 1.1.1 NOTE
r-oldrel-windows-ix86+x86_64 1.1.1 1075.00 470.00 1545.00 NOTE

Check Details

Version: 1.1.1
Check: for GNU extensions in Makefiles
Result: NOTE
    GNU make is a SystemRequirements.
Flavors: r-devel-linux-x86_64-debian-clang, r-devel-linux-x86_64-debian-gcc, r-devel-linux-x86_64-fedora-clang, r-devel-linux-x86_64-fedora-gcc, r-devel-windows-x86_64, r-devel-windows-x86_64-gcc10-UCRT, r-patched-linux-x86_64, r-patched-solaris-x86, r-release-linux-x86_64, r-release-macos-arm64, r-release-macos-x86_64, r-release-windows-ix86+x86_64, r-oldrel-macos-x86_64, r-oldrel-windows-ix86+x86_64

Version: 1.1.1
Check: installed package size
Result: NOTE
     installed size is 29.3Mb
     sub-directories of 1Mb or more:
     R 1.4Mb
     doc 1.6Mb
     libs 25.1Mb
Flavors: r-devel-linux-x86_64-fedora-clang, r-devel-windows-x86_64, r-patched-solaris-x86, r-release-macos-arm64, r-release-macos-x86_64, r-release-windows-ix86+x86_64, r-oldrel-macos-x86_64, r-oldrel-windows-ix86+x86_64