CRAN Package Check Results for Package unjoin

Last updated on 2024-06-17 00:50:14 CEST.

Flavor Version Tinstall Tcheck Ttotal Status Flags
r-devel-linux-x86_64-debian-clang 0.1.0 3.53 41.74 45.27 NOTE
r-devel-linux-x86_64-debian-gcc 0.1.0 3.65 31.59 35.24 NOTE
r-devel-linux-x86_64-fedora-clang 0.1.0 62.69 NOTE
r-devel-linux-x86_64-fedora-gcc 0.1.0 54.24 NOTE
r-devel-windows-x86_64 0.1.0 5.00 49.00 54.00 NOTE
r-patched-linux-x86_64 0.1.0 3.41 39.73 43.14 NOTE
r-release-linux-x86_64 0.1.0 3.30 39.50 42.80 NOTE
r-release-macos-arm64 0.1.0 21.00 NOTE
r-release-macos-x86_64 0.1.0 31.00 NOTE
r-release-windows-x86_64 0.1.0 5.00 54.00 59.00 NOTE
r-oldrel-macos-arm64 0.1.0 22.00 NOTE
r-oldrel-macos-x86_64 0.1.0 31.00 NOTE
r-oldrel-windows-x86_64 0.1.0 6.00 58.00 64.00 NOTE

Check Details

Version: 0.1.0
Check: LazyData
Result: NOTE 'LazyData' is specified without a 'data' directory Flavors: r-devel-linux-x86_64-debian-clang, r-devel-linux-x86_64-debian-gcc, r-devel-linux-x86_64-fedora-clang, r-devel-linux-x86_64-fedora-gcc, r-devel-windows-x86_64, r-patched-linux-x86_64, r-release-linux-x86_64, r-release-macos-arm64, r-release-macos-x86_64, r-release-windows-x86_64, r-oldrel-macos-arm64, r-oldrel-macos-x86_64, r-oldrel-windows-x86_64